
-8
Let l be (-1 - -2) + 14/(-2). Let y(g) = 159*g - 13 - 79*g - 81*g. What is y(l)?
-7
Suppose 4*s - 2 = -6. Let f be (-1)/(1*s/5). Let c(j) = -2*j + 5. Calculate c(f).
-5
Let h(t) = t**3 + 2*t**2 - t + 1. Let d be h(-2). Let r(z) = -z**2 - 8*z - 6. Let a be r(-6). Let f(b) = b**2 + 3 - 6*b + 2 - a. Calculate f(d).
-10
Let c = 4 + -2. Let z(y) = c - 8 + 5*y - 4*y. Let m(l) = l - 7. Let n(x) = 3*m(x) - 4*z(x). Calculate n(3).
0
Let n(c) = -c**3 - 10*c**2 - 11*c - 22. Let f be n(-9). Let p(b) be the second derivative of b**4/6 + b**3 + b**2/2 - 2*b. What is p(f)?
9
Let o(w) = -w**2 + 5*w. Let y be o(6). Let r be 3/y + (-54)/(-4). Suppose -4*m + 1 = r. Let t(u) = -3*u - 4. Calculate t(m).
5
Let r(f) = -f**3 + f**2 - f + 1. Let g(p) = -5*p**3 + 9*p**2 - 3*p + 7. Let b(u) = g(u) - 6*r(u). Suppose l = -4*l + 10. Suppose -l*v = v + 9. Give b(v).
-8
Suppose -4*o - z = -9, z = -4*o + 5*z + 24. Let d(h) = 2*h**2 - 4*h. What is d(o)?
6
Let o(b) = b**2 - 2*b - 1. Let v be (-9)/((-15)/5) - 0. Give o(v).
2
Let j(f) = 78*f + 73*f + f**2 - 160*f - 14. Give j(10).
-4
Let l(m) = m**3 + 125 - 4*m**2 - 2*m + 0*m**3 - 124. Give l(4).
-7
Let l = -10 - -7. Let x(g) = 2*g**2 + 3*g - 3. Determine x(l).
6
Suppose -5*l - 28 = z, -4*z + 3*l = -l - 8. Let q be 0 + 0*3/(-6). Let a(g) = g + g**2 - 1 + q*g + g + 0*g. Calculate a(z).
2
Let h(w) = w**2 + 6*w - 2. Let g be h(-5). Let d = -13 - g. Let u(a) = a**2 + 7*a. What is u(d)?
-6
Let u = 18 + -15. Let o(n) = 2*n + 2. Calculate o(u).
8
Let c(m) = m**3 + m**2 + m - 9. Let g(n) be the first derivative of -3*n**4/2 - 5*n**3/3 - 3*n**2 + 45*n - 1. Let l(o) = 11*c(o) + 2*g(o). Calculate l(0).
-9
Let z(s) be the third derivative of -s**4/8 + 2*s**3/3 - 47*s**2. Determine z(4).
-8
Suppose -4*l = c - 21, -2*c + 2*l - 6 - 2 = 0. Let j(k) = 6*k**2 - 8*k**3 + k**2 - 6*k**2 - k. Determine j(c).
-8
Let o(t) = -3*t + 455*t**2 - 456*t**2 - 2*t. What is o(-8)?
-24
Let v(m) be the second derivative of -m**5/20 - m**4/4 + m**3/3 + m**2/2 - 29*m - 1. Give v(-4).
9
Let j(k) = -k**3 - 4*k**2 - 4*k - 1. Let d be j(-4). Let w(a) = 5*a + 9. Let u be w(-6). Let s be u/d - (-6)/15. Let r(c) = 3*c**3 - 2*c**2 - c. Determine r(s).
-4
Let n(i) = 10*i. Let s(z) = z**3 - 3*z**2 - 18*z + 2. Let c be s(6). Calculate n(c).
20
Let k(z) = z**2 - 6*z + 1. Suppose 4*n = 4, -5*p + 13 = -2*n - 5. Let i be 21/4 + p/(-16). What is k(i)?
-4
Let l(u) = 3*u - 4. Suppose 5*n + 1 = -4. Let o be (10*3/(-6))/n. Calculate l(o).
11
Let o be 3/(-2) + 12/8. Let b(z) be the first derivative of 1/2*z**2 - 6*z + 1/3*z**3 + 1. What is b(o)?
-6
Let t(v) be the second derivative of v**3/6 - v**2/2 - v. Let l be -1 + 2/3*3. Suppose x + l = 2*x. Calculate t(x).
0
Let d(z) = z**3 + 2*z**2 + 4*z + 4. Suppose -6*c + 6 = -8*c. Determine d(c).
-17
Let c be ((-4)/2)/(5 + -3). Let t be -5*(c + 8/10). Let u(d) = 4*d**3 + d - 1. Determine u(t).
4
Let r(q) = 0*q**2 - q**2 + 6*q + 21 - 40 + 27. Determine r(7).
1
Let x be 3/(-18) - (-22)/(-12). Let r(f) = -3*f**2 - 3*f - 3. Let m(d) = -2*d**2 - 3*d - 3. Let a(i) = -4*m(i) + 3*r(i). What is a(x)?
-7
Let z(v) be the third derivative of -v**4/24 + v**3 - 25*v**2. What is z(-8)?
14
Let y(o) = -o**2 + 4*o - 6. Let a(k) = 3*k**3 + 2*k - 1. Let l = 7 + -6. Let s be a(l). Calculate y(s).
-6
Let z(b) = -b**3 + 6*b**2 + 5*b + 2. Let x be z(7). Let d be 8/x - (-4)/(-3). Let y(r) = 0*r - 2 + 3 + 2*r. Determine y(d).
-3
Let w = -10 - -15. Let h(f) = 3*f - 3. Give h(w).
12
Let l(a) = -13*a**2 + 10*a. Let w(b) = 9*b**2 - 7*b. Let x(t) = 5*l(t) + 7*w(t). Determine x(-1).
-3
Let d(u) = -2*u - 6. Let c be d(-4). Let v(h) be the third derivative of h**4/24 + h**3/3 - 6*h**2. Calculate v(c).
4
Let y(f) be the first derivative of f**4/4 - f**3/3 - f**2 - f - 1. Let q = -1 + 4. Let w be ((-4)/(-8))/(q/(-6)). Give y(w).
-1
Let x(a) be the third derivative of -a**4/24 - a**3/6 - 4*a**2. Let i(u) = 4*u + 3. Let w(c) = 2*i(c) + 7*x(c). Determine w(5).
4
Let a(n) = -3*n**2 + 8*n. Suppose -z + 4*z + 15 = 0. Let u(t) = 2*t**2 - 5*t. Let q(b) = b**2 - 7. Let c be q(0). Let x(f) = c*u(f) + z*a(f). Calculate x(3).
-6
Let s(f) be the first derivative of -1/2*f**2 + 3 + 3*f. Give s(5).
-2
Let y(j) = j**3 - 3*j**2 - 3*j + 3. Let n(l) = -l - 5. Let p be n(-2). Let t be ((-24)/20)/(p/10). Determine y(t).
7
Let c(u) = -u**3 + 5*u**2 - 6*u. Let z = -12 + 16. Determine c(z).
-8
Let s(g) = -g**2. Let w(b) = 3*b**2 + 2*b + 1. Let p(f) = 4*s(f) + w(f). Let a = -9 + 10. Let v be (2 + 2)*1 - a. What is p(v)?
-2
Let l(k) = -k - 2. Let q(f) = -f - 1. Let a(m) = l(m) - 2*q(m). Let g(b) = b**2 - 10*b - 93. Let o be g(-6). Determine a(o).
3
Let p(f) = -f - 6. Suppose 0*r + 15 = -2*h + 3*r, 5*h = -4*r + 20. Let g be h*(1 + 1 + -1). Determine p(g).
-6
Let i(j) = j + 1. Let d(r) = r - 1. Let q(z) = -2*d(z) + i(z). Let b be q(3). Suppose 3*t + t - 16 = b. Let c(a) = -3*a + 6. Determine c(t).
-6
Let v be ((-4)/1)/(4/(-10)). Suppose -2*j + 3*j = -3*y - v, 5*j + y = 6. Suppose 5*b + 3*k = 10, -b - 2*k - 2 = -j*b. Let p(n) = n - 2. Determine p(b).
0
Let r(p) be the third derivative of p**5/30 - p**4/8 + p**3/3 - 15*p**2. Suppose 0 = -i - 0*i - 2*u - 4, -2*u - 6 = 0. What is r(i)?
4
Let l(c) = -4*c**2 - 9*c - 5. Let i(v) = -7*v**2 - 17*v - 9. Let a(t) = 3*i(t) - 5*l(t). Give a(-4).
6
Let s be 1/2*4 + -3. Let n(y) be the third derivative of 3*y**4/8 + y**2. Determine n(s).
-9
Let l(q) = 3*q + 7*q + q**2 - 15*q. Calculate l(6).
6
Let k(y) = -y. Suppose -z = -2*x - 3, -z + 1 = 3*x - 4*x. What is k(x)?
2
Let m(p) = p + 1 - 2 + 3 + 3. Determine m(-5).
0
Let y(r) = -r**2 + 10*r - 8. Let j = 0 + 7. What is y(j)?
13
Let k(p) = -p - 3. Suppose -2*n = -2*r + 12, -4*n - 3*r + 4*r - 15 = 0. What is k(n)?
0
Let f(s) = s - 34 + 66 - 37. What is f(-5)?
-10
Let o = -30 - -25. Let w(p) = -4 - 4 - 2*p + 5*p**2 + 1 + p**3. Calculate w(o).
3
Suppose 5*j - 10 = -2*d, 0 = 5*d - j - 2*j + 37. Let g(h) = -3*h**2 + 10*h. Let y(p) = 4*p**2 - 11*p. Let v(n) = -5*g(n) - 4*y(n). Determine v(d).
5
Let t(i) = 26*i - 2. Let l(s) = 13*s - 1. Let c(w) = -7*l(w) + 4*t(w). Give c(-2).
-27
Let k be (1 - 0 - 0) + 6. Let i(t) = t**2 - 8*t + 7. Let h be i(k). Let o(n) = -n - 5. What is o(h)?
-5
Let t(r) = 5*r**2 + 6. Let u(l) = -23*l - 11 - 11*l**2 + 23*l. Let g(a) = 9*t(a) + 4*u(a). Determine g(0).
10
Let n = 17 - 9. Let x = n - 13. Let s(w) be the third derivative of w**5/60 + w**4/6 - w**3/3 - w**2. Give s(x).
3
Let w = 2 + -2. Suppose 0 = -w*b - 2*b. Let h(i) = -i**2 + 4*i**2 - 5*i**2 + i - i**3 + i**2 + 2. Calculate h(b).
2
Suppose 0 = -5*t - 5*r - 5, 2*t + 3*r = t - 9. Let u(i) be the second derivative of -3*i**2 + 0 + 1/6*i**3 + i. Give u(t).
-3
Let n(l) = l - 1. Let w(f) = -7*f + 7. Let a(v) = 6*n(v) + w(v). What is a(4)?
-3
Let y(l) = -2*l**2 - 2*l + 2. Let q be y(-2). Let w(a) be the second derivative of a**4/12 + a**3/2 + a**2 - a. Calculate w(q).
0
Let m(w) = -1. Let y(c) = -c + 6. Let q(o) = 5*m(o) + y(o). Let d be (102/(-12))/(2/(-4)). Let b = d - 17. Calculate q(b).
1
Let z(h) = -11*h**2 + 10*h - 10. Let d(q) = -4*q**2 + 3*q - 3. Let c(u) = -8*d(u) + 3*z(u). Calculate c(5).
-1
Let c(j) = -j + 1. Let q be (-6)/8 + 66/(-8). Let v = q - -7. Let l be (v + 2 + -4)/(-1). Give c(l).
-3
Suppose -23*o = -20*o + 6. Let n(i) be the third derivative of i**4/12 + i**3/2 + i**2. What is n(o)?
-1
Suppose -3*w = -1 - 29. Suppose -5*u + 5*h = -w*u - 10, -35 = 4*u - 5*h. Let l(z) = -z**3 - 6*z**2 - 4*z + 4. Determine l(u).
-1
Suppose -5 = -4*h + 19. Suppose 3*d = -4*c + 22, -h*d = 2*c - 3*d - 14. Let y(j) = c*j - 3*j - 2*j - 1. Determine y(-1).
0
Suppose -19 = -v - 4*v + 3*x, -13 = -5*v + x. Let i(t) be the first derivative of 2*t**2 + 1/3*t**3 + 0*t - v. What is i(-5)?
5
Let c be 2/(-4) - (-4)/8. Let u(v) = -v - 7. Give u(c).
-7
Let u(c) = c - 4. Let o(a) = -1. Let g(s) = 4*o(s) - u(s). Let q = -13 + 18. Give g(q).
-5
Let c(d) = -5*d + 4 + 33*d**2 - 34*d**2 - 2*d. What is c(-4)?
16
Let w = 41 - 38. Let b(s) = s**2 - s. Determine b(w).
6
Let g(t) = t + 8. Let p be g(-8). Let z(x) = -5*x**2 + 6*x + 19. Let f(o) = -10*o**2 + o**2 + 11*o + 18 + 19. Let y(h) = 6*f(h) - 11*z(h). Calculate y(p).
13
Let x(n) be the third derivative of -n**4/12 + n**3/3 - n**2 - 6. Let o = -13 + 9. Calculate x(o).
10
Let m(j) = -j**3 + 4*j**2 + 7*j - 6. Let w = 2